{"id":288,"date":"2024-10-06T20:35:41","date_gmt":"2024-10-06T20:35:41","guid":{"rendered":"https:\/\/teatropaisaje.cl\/?page_id=288"},"modified":"2026-03-13T00:32:07","modified_gmt":"2026-03-13T00:32:07","slug":"residencia","status":"publish","type":"page","link":"https:\/\/teatropaisaje.cl\/index.php\/residencia\/","title":{"rendered":"Residencia"},"content":{"rendered":"<p>[et_pb_section fb_built=\u00bb1&#8243; _builder_version=\u00bb4.10.1&#8243; _module_preset=\u00bbdefault\u00bb background_color=\u00bb#131313&#8243; custom_padding=\u00bb23px|||||\u00bb animation_style=\u00bbfade\u00bb global_colors_info=\u00bb{}\u00bb][et_pb_row _builder_version=\u00bb4.10.1&#8243; _module_preset=\u00bbdefault\u00bb global_colors_info=\u00bb{}\u00bb][et_pb_column type=\u00bb4_4&#8243; _builder_version=\u00bb4.10.1&#8243; _module_preset=\u00bbdefault\u00bb global_colors_info=\u00bb{}\u00bb][et_pb_image src=\u00bbhttps:\/\/teatropaisaje.cl\/wp-content\/uploads\/2024\/10\/residencia.png\u00bb align=\u00bbcenter\u00bb _builder_version=\u00bb4.10.1&#8243; _module_preset=\u00bbdefault\u00bb width=\u00bb19%\u00bb width_tablet=\u00bb\u00bb width_phone=\u00bb54%\u00bb width_last_edited=\u00bbon|phone\u00bb global_colors_info=\u00bb{}\u00bb][\/et_pb_image][\/et_pb_column][\/et_pb_row][et_pb_row _builder_version=\u00bb4.10.1&#8243; _module_preset=\u00bbdefault\u00bb global_colors_info=\u00bb{}\u00bb][et_pb_column type=\u00bb4_4&#8243; _builder_version=\u00bb4.10.1&#8243; _module_preset=\u00bbdefault\u00bb global_colors_info=\u00bb{}\u00bb][et_pb_text _builder_version=\u00bb4.10.1&#8243; _module_preset=\u00bbdefault\u00bb text_font=\u00bbInter|300|||||||\u00bb text_text_color=\u00bb#FFFFFF\u00bb text_font_size=\u00bb19px\u00bb text_line_height=\u00bb1.3em\u00bb text_orientation=\u00bbjustified\u00bb text_font_size_tablet=\u00bb\u00bb text_font_size_phone=\u00bb16px\u00bb text_font_size_last_edited=\u00bbon|phone\u00bb global_colors_info=\u00bb{}\u00bb]<\/p>\n<p class=\"p1\"><strong>Gracias a nuestro Espacio Teatro Paisaje, tenemos la posibilidad de realizar Residencias Art\u00edsticas para generar espacios de investigaci\u00f3n, perfeccionamiento e intercambio para los int\u00e9rpretes esc\u00e9nicos de la Regi\u00f3n de Antofagasta en instancias de inmersi\u00f3n colectiva, bajo el concepto de Teatro Paisaje y nuevos lenguajes teatrales.<\/strong><\/p>\n<p class=\"p1\">El Espacio Teatro Paisaje se encuentra ubicado al interior del recinto de Corporaci\u00f3n GEN en pleno Desierto de Atacama, a 30 km. del sitio cero de ciudad de Antofagasta, Plaza Col\u00f3n (de Armas), unos 35 min. aproximadamente en veh\u00edculo por la ruta 26;<span class=\"Apple-converted-space\">\u00a0 <\/span>tambi\u00e9n a unos 51 km de la localidad de Baquedano y a 125 km de Sierra Gorda, ambas localidades de la comuna de Sierra Gorda; y a 68 km de la comuna de Mejillones. Este lugar es conocido hist\u00f3ricamente como el Nudo Uribe Ruta 5 Norte (Ruta 26) lugar que abastec\u00eda de agua a las locomotoras a vapor del ferrocarril FCAB.<span class=\"Apple-converted-space\">\u00a0<\/span><\/p>\n<p class=\"p1\">Tambi\u00e9n nuestro quehacer de investigaci\u00f3n en residencia abarca otros territorios dentro y fuera de la regi\u00f3n de Antofagasta, pues nuestra creaci\u00f3n de Teatro Paisaje, se instala en la relaci\u00f3n de los espacios naturales y urbanos.<\/p>\n<p>[\/et_pb_text][\/et_pb_column][\/et_pb_row][\/et_pb_section][et_pb_section fb_built=\u00bb1&#8243; _builder_version=\u00bb4.10.1&#8243; _module_preset=\u00bbdefault\u00bb background_color=\u00bb#000000&#8243;][et_pb_row _builder_version=\u00bb4.10.1&#8243; _module_preset=\u00bbdefault\u00bb global_colors_info=\u00bb{}\u00bb locked=\u00bboff\u00bb][et_pb_column type=\u00bb4_4&#8243; _builder_version=\u00bb4.10.1&#8243; _module_preset=\u00bbdefault\u00bb global_colors_info=\u00bb{}\u00bb][et_pb_text _builder_version=\u00bb4.10.1&#8243; _module_preset=\u00bbdefault\u00bb header_3_font=\u00bbInter|300||on|||||\u00bb header_3_text_align=\u00bbcenter\u00bb header_3_text_color=\u00bb#FFFFFF\u00bb header_3_font_size=\u00bb32px\u00bb hover_enabled=\u00bb0&#8243; global_colors_info=\u00bb{}\u00bb locked=\u00bboff\u00bb sticky_enabled=\u00bb0&#8243;]<\/p>\n<h3 class=\"p1\"><b>Residencia art\u00edstica Flamenco, 2025<\/b><\/h3>\n<p>[\/et_pb_text][et_pb_slider _builder_version=\u00bb4.10.1&#8243; _module_preset=\u00bbdefault\u00bb min_height=\u00bb745px\u00bb min_height_tablet=\u00bb\u00bb min_height_phone=\u00bb243px\u00bb min_height_last_edited=\u00bbon|phone\u00bb hover_enabled=\u00bb0&#8243; global_colors_info=\u00bb{}\u00bb auto=\u00bbon\u00bb sticky_enabled=\u00bb0&#8243; auto_speed=\u00bb3000&#8243;][et_pb_slide _builder_version=\u00bb4.10.1&#8243; _module_preset=\u00bbdefault\u00bb background_enable_color=\u00bboff\u00bb background_image=\u00bbhttps:\/\/teatropaisaje.cl\/wp-content\/uploads\/2026\/03\/Frame-25.png\u00bb background_enable_image=\u00bbon\u00bb width=\u00bb100%\u00bb hover_enabled=\u00bb0&#8243; global_colors_info=\u00bb{}\u00bb sticky_transition=\u00bbon\u00bb sticky_enabled=\u00bb0&#8243;][\/et_pb_slide][et_pb_slide _builder_version=\u00bb4.10.1&#8243; _module_preset=\u00bbdefault\u00bb background_enable_color=\u00bboff\u00bb background_image=\u00bbhttps:\/\/teatropaisaje.cl\/wp-content\/uploads\/2026\/03\/FLAMENCO-1.jpg\u00bb background_enable_image=\u00bbon\u00bb width=\u00bb100%\u00bb hover_enabled=\u00bb0&#8243; global_colors_info=\u00bb{}\u00bb sticky_transition=\u00bbon\u00bb sticky_enabled=\u00bb0&#8243;][\/et_pb_slide][et_pb_slide _builder_version=\u00bb4.10.1&#8243; _module_preset=\u00bbdefault\u00bb background_enable_color=\u00bboff\u00bb background_image=\u00bbhttps:\/\/teatropaisaje.cl\/wp-content\/uploads\/2026\/03\/FLAMENCO-3.jpg\u00bb background_enable_image=\u00bbon\u00bb width=\u00bb100%\u00bb hover_enabled=\u00bb0&#8243; global_colors_info=\u00bb{}\u00bb sticky_transition=\u00bbon\u00bb sticky_enabled=\u00bb0&#8243;][\/et_pb_slide][et_pb_slide _builder_version=\u00bb4.10.1&#8243; _module_preset=\u00bbdefault\u00bb background_enable_color=\u00bboff\u00bb background_image=\u00bbhttps:\/\/teatropaisaje.cl\/wp-content\/uploads\/2026\/03\/FLAMENCO-4.jpg\u00bb background_enable_image=\u00bbon\u00bb width=\u00bb100%\u00bb hover_enabled=\u00bb0&#8243; global_colors_info=\u00bb{}\u00bb sticky_transition=\u00bbon\u00bb title_text=\u00bbFLAMENCO 4&#8243; sticky_enabled=\u00bb0&#8243;][\/et_pb_slide][et_pb_slide _builder_version=\u00bb4.10.1&#8243; _module_preset=\u00bbdefault\u00bb background_enable_color=\u00bboff\u00bb background_image=\u00bbhttps:\/\/teatropaisaje.cl\/wp-content\/uploads\/2026\/03\/FLAMENCO-5.jpg\u00bb background_enable_image=\u00bbon\u00bb width=\u00bb100%\u00bb hover_enabled=\u00bb0&#8243; global_colors_info=\u00bb{}\u00bb sticky_transition=\u00bbon\u00bb title_text=\u00bbFLAMENCO 5&#8243; sticky_enabled=\u00bb0&#8243;][\/et_pb_slide][et_pb_slide _builder_version=\u00bb4.10.1&#8243; _module_preset=\u00bbdefault\u00bb background_enable_color=\u00bboff\u00bb background_image=\u00bbhttps:\/\/teatropaisaje.cl\/wp-content\/uploads\/2026\/03\/FLAMENCO-6.jpg\u00bb background_enable_image=\u00bbon\u00bb width=\u00bb100%\u00bb hover_enabled=\u00bb0&#8243; global_colors_info=\u00bb{}\u00bb sticky_transition=\u00bbon\u00bb title_text=\u00bbFLAMENCO 6&#8243; sticky_enabled=\u00bb0&#8243;][\/et_pb_slide][\/et_pb_slider][\/et_pb_column][\/et_pb_row][\/et_pb_section][et_pb_section fb_built=\u00bb1&#8243; _builder_version=\u00bb4.10.1&#8243; _module_preset=\u00bbdefault\u00bb background_color=\u00bb#000000&#8243;][et_pb_row _builder_version=\u00bb4.10.1&#8243; _module_preset=\u00bbdefault\u00bb global_colors_info=\u00bb{}\u00bb locked=\u00bboff\u00bb][et_pb_column type=\u00bb4_4&#8243; _builder_version=\u00bb4.10.1&#8243; _module_preset=\u00bbdefault\u00bb global_colors_info=\u00bb{}\u00bb][et_pb_text _builder_version=\u00bb4.10.1&#8243; _module_preset=\u00bbdefault\u00bb header_3_font=\u00bbInter|300||on|||||\u00bb header_3_text_align=\u00bbcenter\u00bb header_3_text_color=\u00bb#FFFFFF\u00bb header_3_font_size=\u00bb32px\u00bb hover_enabled=\u00bb0&#8243; global_colors_info=\u00bb{}\u00bb locked=\u00bboff\u00bb sticky_enabled=\u00bb0&#8243;]<\/p>\n<h3 class=\"p1\"><b>Residencia art\u00edstica Lum\u00ednica, 2025<\/b><\/h3>\n<p>[\/et_pb_text][et_pb_slider _builder_version=\u00bb4.10.1&#8243; _module_preset=\u00bbdefault\u00bb min_height=\u00bb745px\u00bb min_height_tablet=\u00bb\u00bb min_height_phone=\u00bb243px\u00bb min_height_last_edited=\u00bbon|phone\u00bb hover_enabled=\u00bb0&#8243; global_colors_info=\u00bb{}\u00bb auto=\u00bbon\u00bb sticky_enabled=\u00bb0&#8243; auto_speed=\u00bb3000&#8243; title_text=\u00bbRESIDENCIA LUMINICA 4&#8243; background_image=\u00bbhttps:\/\/teatropaisaje.cl\/wp-content\/uploads\/2026\/03\/RESIDENCIA-LUMINICA-4.jpg\u00bb][et_pb_slide _builder_version=\u00bb4.10.1&#8243; _module_preset=\u00bbdefault\u00bb background_enable_color=\u00bboff\u00bb background_image=\u00bbhttps:\/\/teatropaisaje.cl\/wp-content\/uploads\/2026\/03\/REISDENCIA-LUMINICA-2.jpg\u00bb background_enable_image=\u00bbon\u00bb width=\u00bb100%\u00bb hover_enabled=\u00bb0&#8243; global_colors_info=\u00bb{}\u00bb sticky_transition=\u00bbon\u00bb sticky_enabled=\u00bb0&#8243; title_text=\u00bbREISDENCIA LUMINICA 2&#8243;][\/et_pb_slide][et_pb_slide _builder_version=\u00bb4.10.1&#8243; _module_preset=\u00bbdefault\u00bb background_enable_color=\u00bboff\u00bb background_image=\u00bbhttps:\/\/teatropaisaje.cl\/wp-content\/uploads\/2026\/03\/REISDENCIA-LUMINICA.jpg\u00bb background_enable_image=\u00bbon\u00bb width=\u00bb100%\u00bb hover_enabled=\u00bb0&#8243; global_colors_info=\u00bb{}\u00bb sticky_transition=\u00bbon\u00bb sticky_enabled=\u00bb0&#8243; title_text=\u00bbREISDENCIA LUMINICA\u00bb][\/et_pb_slide][et_pb_slide _builder_version=\u00bb4.10.1&#8243; _module_preset=\u00bbdefault\u00bb background_enable_color=\u00bboff\u00bb background_image=\u00bbhttps:\/\/teatropaisaje.cl\/wp-content\/uploads\/2026\/03\/REISDENCIA-LUMINICA-5.jpg\u00bb background_enable_image=\u00bbon\u00bb width=\u00bb100%\u00bb hover_enabled=\u00bb0&#8243; global_colors_info=\u00bb{}\u00bb sticky_transition=\u00bbon\u00bb sticky_enabled=\u00bb0&#8243; title_text=\u00bbREISDENCIA LUMINICA 5&#8243;][\/et_pb_slide][et_pb_slide _builder_version=\u00bb4.10.1&#8243; _module_preset=\u00bbdefault\u00bb background_enable_color=\u00bbon\u00bb background_image=\u00bbhttps:\/\/teatropaisaje.cl\/wp-content\/uploads\/2026\/03\/RESIDENCIA-LUMINICA-4.jpg\u00bb background_enable_image=\u00bbon\u00bb width=\u00bb100%\u00bb hover_enabled=\u00bb0&#8243; global_colors_info=\u00bb{}\u00bb sticky_transition=\u00bbon\u00bb sticky_enabled=\u00bb0&#8243; title_text=\u00bbRESIDENCIA LUMINICA 4&#8243; background_color=\u00bbRGBA(0,0,0,0)\u00bb][\/et_pb_slide][et_pb_slide _builder_version=\u00bb4.10.1&#8243; _module_preset=\u00bbdefault\u00bb background_enable_color=\u00bboff\u00bb background_image=\u00bbhttps:\/\/teatropaisaje.cl\/wp-content\/uploads\/2026\/03\/RESIDENCIA-LUMINICA-3.jpg\u00bb background_enable_image=\u00bbon\u00bb width=\u00bb100%\u00bb hover_enabled=\u00bb0&#8243; global_colors_info=\u00bb{}\u00bb sticky_transition=\u00bbon\u00bb title_text=\u00bbRESIDENCIA LUMINICA 3&#8243; sticky_enabled=\u00bb0&#8243;][\/et_pb_slide][et_pb_slide _builder_version=\u00bb4.10.1&#8243; _module_preset=\u00bbdefault\u00bb background_enable_color=\u00bboff\u00bb background_image=\u00bbhttps:\/\/teatropaisaje.cl\/wp-content\/uploads\/2026\/03\/REISDENCIA-LUMINICA-1.jpg\u00bb background_enable_image=\u00bbon\u00bb width=\u00bb100%\u00bb hover_enabled=\u00bb0&#8243; global_colors_info=\u00bb{}\u00bb sticky_transition=\u00bbon\u00bb title_text=\u00bbREISDENCIA LUMINICA 1&#8243; sticky_enabled=\u00bb0&#8243;][\/et_pb_slide][\/et_pb_slider][\/et_pb_column][\/et_pb_row][\/et_pb_section][et_pb_section fb_built=\u00bb1&#8243; _builder_version=\u00bb4.10.1&#8243; _module_preset=\u00bbdefault\u00bb background_color=\u00bb#000000&#8243; global_colors_info=\u00bb{}\u00bb][et_pb_row _builder_version=\u00bb4.10.1&#8243; _module_preset=\u00bbdefault\u00bb animation_style=\u00bbfade\u00bb global_colors_info=\u00bb{}\u00bb][et_pb_column type=\u00bb4_4&#8243; _builder_version=\u00bb4.10.1&#8243; _module_preset=\u00bbdefault\u00bb global_colors_info=\u00bb{}\u00bb][et_pb_text _builder_version=\u00bb4.10.1&#8243; _module_preset=\u00bbdefault\u00bb header_3_font=\u00bbInter|300||on|||||\u00bb header_3_text_align=\u00bbcenter\u00bb header_3_text_color=\u00bb#FFFFFF\u00bb header_3_font_size=\u00bb32px\u00bb global_colors_info=\u00bb{}\u00bb]<\/p>\n<h3 class=\"p1\"><b>Residencia Art\u00edstica de Post Teatro <\/b>(PAOCC 2023)<\/h3>\n<p>[\/et_pb_text][et_pb_text _builder_version=\u00bb4.10.1&#8243; _module_preset=\u00bbdefault\u00bb text_font=\u00bbInter|300|||||||\u00bb text_text_color=\u00bb#FFFFFF\u00bb text_font_size=\u00bb20px\u00bb text_orientation=\u00bbjustified\u00bb text_font_size_tablet=\u00bb\u00bb text_font_size_phone=\u00bb16px\u00bb text_font_size_last_edited=\u00bbon|phone\u00bb global_colors_info=\u00bb{}\u00bb]<\/p>\n<p class=\"p1\">Con la invitaci\u00f3n al director teatral chileno Abel Carrizo Mu\u00f1oz, comenzamos esta residencia junto a los integrantes de la Compa\u00f1\u00eda Teatral La Favorecedora y actores invitados de la escena regional. La actividad se desarroll\u00f3 en enero de 2024 durante 5 d\u00edas, donde este interesante concepto creado por Abel Carrizo, nos inspir\u00f3 para descubrir nuevas formas de acercarnos a la creaci\u00f3n desde la po\u00e9tica de la materialidad en escena, llevada a nuestro territorio.<span class=\"Apple-converted-space\">\u00a0<\/span><\/p>\n<p>[\/et_pb_text][\/et_pb_column][\/et_pb_row][et_pb_row custom_padding_last_edited=\u00bbon|phone\u00bb _builder_version=\u00bb4.10.1&#8243; _module_preset=\u00bbdefault\u00bb custom_padding=\u00bb63px|||||\u00bb custom_padding_tablet=\u00bb\u00bb custom_padding_phone=\u00bb25px||||false|false\u00bb animation_style=\u00bbfade\u00bb global_colors_info=\u00bb{}\u00bb][et_pb_column type=\u00bb4_4&#8243; _builder_version=\u00bb4.10.1&#8243; _module_preset=\u00bbdefault\u00bb global_colors_info=\u00bb{}\u00bb][et_pb_text _builder_version=\u00bb4.10.1&#8243; _module_preset=\u00bbdefault\u00bb header_3_font=\u00bbInter|300||on|||||\u00bb header_3_text_align=\u00bbcenter\u00bb header_3_text_color=\u00bb#FFFFFF\u00bb header_3_font_size=\u00bb32px\u00bb global_colors_info=\u00bb{}\u00bb]<\/p>\n<h3 class=\"p1\"><b>Residencia Art\u00edstica Museo del Juguete Pampino <\/b>(PAOCC 2023)<\/h3>\n<p>[\/et_pb_text][et_pb_text _builder_version=\u00bb4.10.1&#8243; _module_preset=\u00bbdefault\u00bb text_font=\u00bbInter|300|||||||\u00bb text_text_color=\u00bb#FFFFFF\u00bb text_font_size=\u00bb20px\u00bb text_orientation=\u00bbjustified\u00bb text_font_size_tablet=\u00bb\u00bb text_font_size_phone=\u00bb16px\u00bb text_font_size_last_edited=\u00bbon|phone\u00bb global_colors_info=\u00bb{}\u00bb]<\/p>\n<p class=\"p1\">Las tradiciones de nuestra pampa est\u00e1n vivas y nos invitan a retomarlas para comprender la magia de la vida sencilla en uno de los paisajes m\u00e1s desolados del planeta. Nuestra estad\u00eda en el Museo del Juguete Pampino, ubicado en la comuna de Mar\u00eda Elena, nos permiti\u00f3 profundizar en la \u00e9poca dorada del Salitre y conocer la vida de ni\u00f1as y ni\u00f1os que hicieron de su pobreza un espacio de creatividad infinita. Gracias a las ense\u00f1anzas del director del Museo Jaime Guerra, pudimos jugar y fabricar algunos juguetes y sobretodo experimentar en la vivencia real esta \u00e9poca maravillosa, para luego crear la obra \u201cJuguetes de la Pampa\u201d.<\/p>\n<p>[\/et_pb_text][\/et_pb_column][\/et_pb_row][\/et_pb_section][et_pb_section fb_built=\u00bb1&#8243; _builder_version=\u00bb4.10.1&#8243; _module_preset=\u00bbdefault\u00bb background_color=\u00bb#000000&#8243; custom_padding=\u00bb0px|||||\u00bb global_colors_info=\u00bb{}\u00bb][et_pb_row _builder_version=\u00bb4.10.1&#8243; _module_preset=\u00bbdefault\u00bb animation_style=\u00bbfade\u00bb global_colors_info=\u00bb{}\u00bb][et_pb_column type=\u00bb4_4&#8243; _builder_version=\u00bb4.10.1&#8243; _module_preset=\u00bbdefault\u00bb global_colors_info=\u00bb{}\u00bb][et_pb_slider _builder_version=\u00bb4.10.1&#8243; _module_preset=\u00bbdefault\u00bb content_max_width_phone=\u00bb27%\u00bb content_max_width_last_edited=\u00bboff|phone\u00bb min_height=\u00bb647.1px\u00bb min_height_tablet=\u00bb\u00bb min_height_phone=\u00bb100px\u00bb min_height_last_edited=\u00bbon|phone\u00bb custom_padding=\u00bb||369px|||\u00bb global_colors_info=\u00bb{}\u00bb][et_pb_slide _builder_version=\u00bb4.10.1&#8243; _module_preset=\u00bbdefault\u00bb background_image=\u00bbhttps:\/\/teatropaisaje.cl\/wp-content\/uploads\/2024\/10\/2-5.png\u00bb background_enable_image=\u00bbon\u00bb width=\u00bb100%\u00bb max_width=\u00bb100%\u00bb global_colors_info=\u00bb{}\u00bb sticky_transition=\u00bbon\u00bb][\/et_pb_slide][et_pb_slide _builder_version=\u00bb4.10.1&#8243; _module_preset=\u00bbdefault\u00bb background_image=\u00bbhttps:\/\/teatropaisaje.cl\/wp-content\/uploads\/2024\/10\/3-4.png\u00bb background_enable_image=\u00bbon\u00bb width=\u00bb100%\u00bb max_width=\u00bb100%\u00bb global_colors_info=\u00bb{}\u00bb sticky_transition=\u00bbon\u00bb][\/et_pb_slide][et_pb_slide _builder_version=\u00bb4.10.1&#8243; _module_preset=\u00bbdefault\u00bb background_image=\u00bbhttps:\/\/teatropaisaje.cl\/wp-content\/uploads\/2024\/10\/4-4.png\u00bb background_enable_image=\u00bbon\u00bb width=\u00bb100%\u00bb max_width=\u00bb100%\u00bb global_colors_info=\u00bb{}\u00bb sticky_transition=\u00bbon\u00bb][\/et_pb_slide][et_pb_slide _builder_version=\u00bb4.10.1&#8243; _module_preset=\u00bbdefault\u00bb background_image=\u00bbhttps:\/\/teatropaisaje.cl\/wp-content\/uploads\/2024\/10\/FOTO-MUSEO-JUGUETE-4.png\u00bb background_enable_image=\u00bbon\u00bb width=\u00bb100%\u00bb max_width=\u00bb100%\u00bb global_colors_info=\u00bb{}\u00bb sticky_transition=\u00bbon\u00bb][\/et_pb_slide][et_pb_slide _builder_version=\u00bb4.10.1&#8243; _module_preset=\u00bbdefault\u00bb background_image=\u00bbhttps:\/\/teatropaisaje.cl\/wp-content\/uploads\/2024\/10\/Group-59.png\u00bb background_enable_image=\u00bbon\u00bb width=\u00bb100%\u00bb max_width=\u00bb100%\u00bb global_colors_info=\u00bb{}\u00bb sticky_transition=\u00bbon\u00bb][\/et_pb_slide][et_pb_slide _builder_version=\u00bb4.10.1&#8243; _module_preset=\u00bbdefault\u00bb background_image=\u00bbhttps:\/\/teatropaisaje.cl\/wp-content\/uploads\/2024\/10\/Mask-group.png\u00bb background_enable_image=\u00bbon\u00bb width=\u00bb100%\u00bb max_width=\u00bb100%\u00bb global_colors_info=\u00bb{}\u00bb sticky_transition=\u00bbon\u00bb][\/et_pb_slide][\/et_pb_slider][\/et_pb_column][\/et_pb_row][\/et_pb_section]<\/p>\n","protected":false},"excerpt":{"rendered":"<p>Gracias a nuestro Espacio Teatro Paisaje, tenemos la posibilidad de realizar Residencias Art\u00edsticas para generar espacios de investigaci\u00f3n, perfeccionamiento e intercambio para los int\u00e9rpretes esc\u00e9nicos de la Regi\u00f3n de Antofagasta en instancias de inmersi\u00f3n colectiva, bajo el concepto de Teatro Paisaje y nuevos lenguajes teatrales. El Espacio Teatro Paisaje se encuentra ubicado al interior del [&hellip;]<\/p>\n","protected":false},"author":1,"featured_media":0,"parent":0,"menu_order":0,"comment_status":"closed","ping_status":"closed","template":"","meta":{"_et_pb_use_builder":"on","_et_pb_old_content":"","_et_gb_content_width":"","footnotes":""},"class_list":["post-288","page","type-page","status-publish","hentry"],"_links":{"self":[{"href":"https:\/\/teatropaisaje.cl\/index.php\/wp-json\/wp\/v2\/pages\/288","targetHints":{"allow":["GET"]}}],"collection":[{"href":"https:\/\/teatropaisaje.cl\/index.php\/wp-json\/wp\/v2\/pages"}],"about":[{"href":"https:\/\/teatropaisaje.cl\/index.php\/wp-json\/wp\/v2\/types\/page"}],"author":[{"embeddable":true,"href":"https:\/\/teatropaisaje.cl\/index.php\/wp-json\/wp\/v2\/users\/1"}],"replies":[{"embeddable":true,"href":"https:\/\/teatropaisaje.cl\/index.php\/wp-json\/wp\/v2\/comments?post=288"}],"version-history":[{"count":8,"href":"https:\/\/teatropaisaje.cl\/index.php\/wp-json\/wp\/v2\/pages\/288\/revisions"}],"predecessor-version":[{"id":481,"href":"https:\/\/teatropaisaje.cl\/index.php\/wp-json\/wp\/v2\/pages\/288\/revisions\/481"}],"wp:attachment":[{"href":"https:\/\/teatropaisaje.cl\/index.php\/wp-json\/wp\/v2\/media?parent=288"}],"curies":[{"name":"wp","href":"https:\/\/api.w.org\/{rel}","templated":true}]}}